{"id":39,"date":"2022-04-03T23:04:43","date_gmt":"2022-04-03T23:04:43","guid":{"rendered":"http:\/\/africa-weimar.es\/?page_id=39"},"modified":"2023-03-18T01:43:06","modified_gmt":"2023-03-18T01:43:06","slug":"nuestros-perros","status":"publish","type":"page","link":"https:\/\/africa-weimar.es\/index.php\/nuestros-perros\/","title":{"rendered":"NUESTROS PERROS"},"content":{"rendered":"\n<p style=\"font-size:18px\">&#8211;<strong><a href=\"https:\/\/africa-weimar.es\/index.php\/mya\/\" target=\"_blank\" rel=\"noreferrer noopener\">MYA &#8211; MEMORIAS AFRICA DU TOMBEL&#8217;EAU (ICARE DU TOMBEL&#8217;EAU  X  HERMES DU TOMBEL&#8217;EAU)<\/a><\/strong><\/p>\n\n\n\n<p style=\"font-size:18px\">&#8211;<strong><a href=\"https:\/\/africa-weimar.es\/index.php\/zazpi\/\" target=\"_blank\" rel=\"noreferrer noopener\">ZAZPI DE MEMORIAS DE \u00c1FRICA (F\u00c9NIX DE LA SALAMANDRE DES MARAIS  X  MEMORIAS AFRICA DU TOMBEL&#8217;EAU)<\/a><\/strong><\/p>\n\n\n\n<p style=\"font-size:18px\">&#8211;<strong><a href=\"https:\/\/africa-weimar.es\/index.php\/runa\/\" target=\"_blank\" rel=\"noreferrer noopener\">RUNA &#8211; ROYALBLEU DU TOMBEL&#8217;EAU (GOTHIC DU TOMBEL&#8217;EAU  X  HERMES DU TOMBEL&#8217;EAU)<\/a><\/strong><\/p>\n\n\n\n<p style=\"font-size:18px\">&#8211;<strong><a href=\"https:\/\/africa-weimar.es\/index.php\/eki\/\" target=\"_blank\" rel=\"noreferrer noopener\">EKI &#8211; EOS DE MEMORIAS DE \u00c1FRICA (MAN DE L&#8217;OR\u00c9E DE LA MEILLERAYE  X  BULMA DE MEMORIAS DE \u00c1FRICA)<\/a><\/strong><\/p>\n","protected":false},"excerpt":{"rendered":"<p>&#8211;MYA &#8211; MEMORIAS AFRICA DU TOMBEL&#8217;EAU (ICARE DU TOMBEL&#8217;EAU X HERMES DU TOMBEL&#8217;EAU) &#8211;ZAZPI DE MEMORIAS DE \u00c1FRICA (F\u00c9NIX DE LA SALAMANDRE DES MARAIS X MEMORIAS AFRICA DU TOMBEL&#8217;EAU) &#8211;RUNA &#8211; ROYALBLEU DU TOMBEL&#8217;EAU (GOTHIC DU TOMBEL&#8217;EAU X HERMES DU TOMBEL&#8217;EAU) &#8211;EKI &#8211; EOS DE MEMORIAS DE \u00c1FRICA (MAN DE L&#8217;OR\u00c9E DE LA MEILLERAYE X &hellip;<br \/><a href=\"https:\/\/africa-weimar.es\/index.php\/nuestros-perros\/\" class=\"more-link pen_button pen_element_default pen_icon_arrow_double\">Seguir leyendo <span class=\"screen-reader-text\">NUESTROS PERROS<\/span><\/a><\/p>\n","protected":false},"author":1,"featured_media":230,"parent":0,"menu_order":0,"comment_status":"closed","ping_status":"closed","template":"","meta":{"footnotes":""},"class_list":["post-39","page","type-page","status-publish","has-post-thumbnail","hentry"],"yoast_head":"<!-- This site is optimized with the Yoast SEO plugin v20.1 - https:\/\/yoast.com\/wordpress\/plugins\/seo\/ -->\n<title>NUESTROS PERROS - Memorias de &Aacute;frica<\/title>\n<meta name=\"description\" content=\"Nuestros Bracos de Weimar son nuestra familia, con ellos disfrutamos, por ellos sufrimos e intentamos que sean felices a nuestro lado.\" \/>\n<meta name=\"robots\" content=\"index, follow, max-snippet:-1, max-image-preview:large, max-video-preview:-1\" \/>\n<link rel=\"canonical\" href=\"https:\/\/africa-weimar.es\/index.php\/nuestros-perros\/\" \/>\n<meta property=\"og:locale\" content=\"es_ES\" \/>\n<meta property=\"og:type\" content=\"article\" \/>\n<meta property=\"og:title\" content=\"NUESTROS PERROS - Memorias de &Aacute;frica\" \/>\n<meta property=\"og:description\" content=\"Nuestros Bracos de Weimar son nuestra familia, con ellos disfrutamos, por ellos sufrimos e intentamos que sean felices a nuestro lado.\" \/>\n<meta property=\"og:url\" content=\"https:\/\/africa-weimar.es\/index.php\/nuestros-perros\/\" \/>\n<meta property=\"og:site_name\" content=\"Memorias de &Aacute;frica\" \/>\n<meta property=\"article:publisher\" content=\"https:\/\/www.facebook.com\/africa.delafuente\" \/>\n<meta property=\"article:modified_time\" content=\"2023-03-18T01:43:06+00:00\" \/>\n<meta property=\"og:image\" content=\"https:\/\/africa-weimar.es\/wp-content\/uploads\/2023\/03\/azulgordi2.jpg\" \/>\n\t<meta property=\"og:image:width\" content=\"545\" \/>\n\t<meta property=\"og:image:height\" content=\"615\" \/>\n\t<meta property=\"og:image:type\" content=\"image\/jpeg\" \/>\n<meta name=\"twitter:card\" content=\"summary_large_image\" \/>\n<meta name=\"twitter:label1\" content=\"Tiempo de lectura\" \/>\n\t<meta name=\"twitter:data1\" content=\"1 minuto\" \/>\n<script type=\"application\/ld+json\" class=\"yoast-schema-graph\">{\"@context\":\"https:\/\/schema.org\",\"@graph\":[{\"@type\":\"WebPage\",\"@id\":\"https:\/\/africa-weimar.es\/index.php\/nuestros-perros\/\",\"url\":\"https:\/\/africa-weimar.es\/index.php\/nuestros-perros\/\",\"name\":\"NUESTROS PERROS - Memorias de &Aacute;frica\",\"isPartOf\":{\"@id\":\"https:\/\/africa-weimar.es\/#website\"},\"datePublished\":\"2022-04-03T23:04:43+00:00\",\"dateModified\":\"2023-03-18T01:43:06+00:00\",\"description\":\"Nuestros Bracos de Weimar son nuestra familia, con ellos disfrutamos, por ellos sufrimos e intentamos que sean felices a nuestro lado.\",\"breadcrumb\":{\"@id\":\"https:\/\/africa-weimar.es\/index.php\/nuestros-perros\/#breadcrumb\"},\"inLanguage\":\"es\",\"potentialAction\":[{\"@type\":\"ReadAction\",\"target\":[\"https:\/\/africa-weimar.es\/index.php\/nuestros-perros\/\"]}]},{\"@type\":\"BreadcrumbList\",\"@id\":\"https:\/\/africa-weimar.es\/index.php\/nuestros-perros\/#breadcrumb\",\"itemListElement\":[{\"@type\":\"ListItem\",\"position\":1,\"name\":\"Portada\",\"item\":\"https:\/\/africa-weimar.es\/\"},{\"@type\":\"ListItem\",\"position\":2,\"name\":\"NUESTROS PERROS\"}]},{\"@type\":\"WebSite\",\"@id\":\"https:\/\/africa-weimar.es\/#website\",\"url\":\"https:\/\/africa-weimar.es\/\",\"name\":\"Memorias de Africa\",\"description\":\"Criador de Braco de Weimar o Weimaraner desde 1999\",\"publisher\":{\"@id\":\"https:\/\/africa-weimar.es\/#\/schema\/person\/33bc83461096067bb8f0b9a1f55d2a12\"},\"potentialAction\":[{\"@type\":\"SearchAction\",\"target\":{\"@type\":\"EntryPoint\",\"urlTemplate\":\"https:\/\/africa-weimar.es\/?s={search_term_string}\"},\"query-input\":\"required name=search_term_string\"}],\"inLanguage\":\"es\"},{\"@type\":[\"Person\",\"Organization\"],\"@id\":\"https:\/\/africa-weimar.es\/#\/schema\/person\/33bc83461096067bb8f0b9a1f55d2a12\",\"name\":\"admin\",\"image\":{\"@type\":\"ImageObject\",\"inLanguage\":\"es\",\"@id\":\"https:\/\/africa-weimar.es\/#\/schema\/person\/image\/\",\"url\":\"https:\/\/africa-weimar.es\/wp-content\/uploads\/2022\/04\/cropped-cleo1-scaled.jpg\",\"contentUrl\":\"https:\/\/africa-weimar.es\/wp-content\/uploads\/2022\/04\/cropped-cleo1-scaled.jpg\",\"width\":2560,\"height\":711,\"caption\":\"admin\"},\"logo\":{\"@id\":\"https:\/\/africa-weimar.es\/#\/schema\/person\/image\/\"},\"sameAs\":[\"https:\/\/africa-weimar.es\",\"https:\/\/www.facebook.com\/africa.delafuente\",\"https:\/\/www.instagram.com\/belascan\"]}]}<\/script>\n<!-- \/ Yoast SEO plugin. -->","yoast_head_json":{"title":"NUESTROS PERROS - Memorias de &Aacute;frica","description":"Nuestros Bracos de Weimar son nuestra familia, con ellos disfrutamos, por ellos sufrimos e intentamos que sean felices a nuestro lado.","robots":{"index":"index","follow":"follow","max-snippet":"max-snippet:-1","max-image-preview":"max-image-preview:large","max-video-preview":"max-video-preview:-1"},"canonical":"https:\/\/africa-weimar.es\/index.php\/nuestros-perros\/","og_locale":"es_ES","og_type":"article","og_title":"NUESTROS PERROS - Memorias de &Aacute;frica","og_description":"Nuestros Bracos de Weimar son nuestra familia, con ellos disfrutamos, por ellos sufrimos e intentamos que sean felices a nuestro lado.","og_url":"https:\/\/africa-weimar.es\/index.php\/nuestros-perros\/","og_site_name":"Memorias de &Aacute;frica","article_publisher":"https:\/\/www.facebook.com\/africa.delafuente","article_modified_time":"2023-03-18T01:43:06+00:00","og_image":[{"width":545,"height":615,"url":"https:\/\/africa-weimar.es\/wp-content\/uploads\/2023\/03\/azulgordi2.jpg","type":"image\/jpeg"}],"twitter_card":"summary_large_image","twitter_misc":{"Tiempo de lectura":"1 minuto"},"schema":{"@context":"https:\/\/schema.org","@graph":[{"@type":"WebPage","@id":"https:\/\/africa-weimar.es\/index.php\/nuestros-perros\/","url":"https:\/\/africa-weimar.es\/index.php\/nuestros-perros\/","name":"NUESTROS PERROS - Memorias de &Aacute;frica","isPartOf":{"@id":"https:\/\/africa-weimar.es\/#website"},"datePublished":"2022-04-03T23:04:43+00:00","dateModified":"2023-03-18T01:43:06+00:00","description":"Nuestros Bracos de Weimar son nuestra familia, con ellos disfrutamos, por ellos sufrimos e intentamos que sean felices a nuestro lado.","breadcrumb":{"@id":"https:\/\/africa-weimar.es\/index.php\/nuestros-perros\/#breadcrumb"},"inLanguage":"es","potentialAction":[{"@type":"ReadAction","target":["https:\/\/africa-weimar.es\/index.php\/nuestros-perros\/"]}]},{"@type":"BreadcrumbList","@id":"https:\/\/africa-weimar.es\/index.php\/nuestros-perros\/#breadcrumb","itemListElement":[{"@type":"ListItem","position":1,"name":"Portada","item":"https:\/\/africa-weimar.es\/"},{"@type":"ListItem","position":2,"name":"NUESTROS PERROS"}]},{"@type":"WebSite","@id":"https:\/\/africa-weimar.es\/#website","url":"https:\/\/africa-weimar.es\/","name":"Memorias de Africa","description":"Criador de Braco de Weimar o Weimaraner desde 1999","publisher":{"@id":"https:\/\/africa-weimar.es\/#\/schema\/person\/33bc83461096067bb8f0b9a1f55d2a12"},"potentialAction":[{"@type":"SearchAction","target":{"@type":"EntryPoint","urlTemplate":"https:\/\/africa-weimar.es\/?s={search_term_string}"},"query-input":"required name=search_term_string"}],"inLanguage":"es"},{"@type":["Person","Organization"],"@id":"https:\/\/africa-weimar.es\/#\/schema\/person\/33bc83461096067bb8f0b9a1f55d2a12","name":"admin","image":{"@type":"ImageObject","inLanguage":"es","@id":"https:\/\/africa-weimar.es\/#\/schema\/person\/image\/","url":"https:\/\/africa-weimar.es\/wp-content\/uploads\/2022\/04\/cropped-cleo1-scaled.jpg","contentUrl":"https:\/\/africa-weimar.es\/wp-content\/uploads\/2022\/04\/cropped-cleo1-scaled.jpg","width":2560,"height":711,"caption":"admin"},"logo":{"@id":"https:\/\/africa-weimar.es\/#\/schema\/person\/image\/"},"sameAs":["https:\/\/africa-weimar.es","https:\/\/www.facebook.com\/africa.delafuente","https:\/\/www.instagram.com\/belascan"]}]}},"_links":{"self":[{"href":"https:\/\/africa-weimar.es\/index.php\/wp-json\/wp\/v2\/pages\/39","targetHints":{"allow":["GET"]}}],"collection":[{"href":"https:\/\/africa-weimar.es\/index.php\/wp-json\/wp\/v2\/pages"}],"about":[{"href":"https:\/\/africa-weimar.es\/index.php\/wp-json\/wp\/v2\/types\/page"}],"author":[{"embeddable":true,"href":"https:\/\/africa-weimar.es\/index.php\/wp-json\/wp\/v2\/users\/1"}],"replies":[{"embeddable":true,"href":"https:\/\/africa-weimar.es\/index.php\/wp-json\/wp\/v2\/comments?post=39"}],"version-history":[{"count":5,"href":"https:\/\/africa-weimar.es\/index.php\/wp-json\/wp\/v2\/pages\/39\/revisions"}],"predecessor-version":[{"id":242,"href":"https:\/\/africa-weimar.es\/index.php\/wp-json\/wp\/v2\/pages\/39\/revisions\/242"}],"wp:featuredmedia":[{"embeddable":true,"href":"https:\/\/africa-weimar.es\/index.php\/wp-json\/wp\/v2\/media\/230"}],"wp:attachment":[{"href":"https:\/\/africa-weimar.es\/index.php\/wp-json\/wp\/v2\/media?parent=39"}],"curies":[{"name":"wp","href":"https:\/\/api.w.org\/{rel}","templated":true}]}}

<p style="font-size:18px">&#8211;<strong><a href="https://africa-weimar.es/index.php/mya/" target="_blank" rel="noreferrer noopener">MYA &#8211; MEMORIAS AFRICA DU TOMBEL&#8217;EAU (ICARE DU TOMBEL&#8217;EAU  X  HERMES DU TOMBEL&#8217;EAU)</a></strong></p>



<p style="font-size:18px">&#8211;<strong><a href="https://africa-weimar.es/index.php/zazpi/" target="_blank" rel="noreferrer noopener">ZAZPI DE MEMORIAS DE ÁFRICA (FÉNIX DE LA SALAMANDRE DES MARAIS  X  MEMORIAS AFRICA DU TOMBEL&#8217;EAU)</a></strong></p>



<p style="font-size:18px">&#8211;<strong><a href="https://africa-weimar.es/index.php/runa/" target="_blank" rel="noreferrer noopener">RUNA &#8211; ROYALBLEU DU TOMBEL&#8217;EAU (GOTHIC DU TOMBEL&#8217;EAU  X  HERMES DU TOMBEL&#8217;EAU)</a></strong></p>



<p style="font-size:18px">&#8211;<strong><a href="https://africa-weimar.es/index.php/eki/" target="_blank" rel="noreferrer noopener">EKI &#8211; EOS DE MEMORIAS DE ÁFRICA (MAN DE L&#8217;ORÉE DE LA MEILLERAYE  X  BULMA DE MEMORIAS DE ÁFRICA)</a></strong></p>

<p>&#8211;MYA &#8211; MEMORIAS AFRICA DU TOMBEL&#8217;EAU (ICARE DU TOMBEL&#8217;EAU X HERMES DU TOMBEL&#8217;EAU) &#8211;ZAZPI DE MEMORIAS DE ÁFRICA (FÉNIX DE LA SALAMANDRE DES MARAIS X MEMORIAS AFRICA DU TOMBEL&#8217;EAU) &#8211;RUNA &#8211; ROYALBLEU DU TOMBEL&#8217;EAU (GOTHIC DU TOMBEL&#8217;EAU X HERMES DU TOMBEL&#8217;EAU) &#8211;EKI &#8211; EOS DE MEMORIAS DE ÁFRICA (MAN DE L&#8217;ORÉE DE LA MEILLERAYE X &hellip;<br /><a href="https://africa-weimar.es/index.php/nuestros-perros/" class="more-link pen_button pen_element_default pen_icon_arrow_double">Seguir leyendo <span class="screen-reader-text">NUESTROS PERROS</span></a></p>
